3*j(s) + w(s). What is the remainder when z is divided by m(7)?
1
Suppose 0 = 4*c - 2*t - 146, 2*t + 2*t - 140 = -4*c. What is the remainder when c is divided by 4?
0
Let t = 1979 - 1927. Calculate the remainder when t is divided by 16.
4
Let u(m) = m**2 - m + 2. Let h be ((-7)/21)/(1/15). Let w = 261 + -250. Calculate the remainder when u(h) is divided by w.
10
Let s be ((-236)/(-8) + -4)*6. Suppose 3*p + s = 5*l - p, 0 = -3*l + 4*p + 87. What is the remainder when l is divided by 18?
15
Let w = -17 - -28. Suppose -t + 3*t = 54. Suppose -5*h + 5*x + 45 = 0, 4*x - t = -h - 4*h. What is the remainder when w is divided by h?
4
Let g(r) = -12*r**3 - 4*r**2 - 4*r + 2. Let j be g(-2). Suppose 0 = -3*p + p + j. What is the remainder when p is divided by 12?
9
Suppose 69*z = 64*z + 4*x + 2525, z + 4*x - 505 = 0. What is the remainder when z is divided by 129?
118
Calculate the remainder when 52/(-12) - 7996/(-12) is divided by 13.
12
Suppose 3*a - 11 = 16. Suppose 7*t - 4*t - 18 = 0. Let o = t + 19. What is the remainder when o is divided by a?
7
Suppose 5*z - 7 = -4*m, -46*m + 11 = 3*z - 47*m. Suppose 5*q = -0 - 5. Let c = q + 2. Calculate the remainder when z is divided by c.
0
Suppose -4*g = -4*a - a + 127, 0 = -5*a - g + 137. Let n(c) = 2*c - 22. What is the remainder when a is divided by n(16)?
7
Calculate the remainder when 16704/54 + 6/9 is divided by 29.
20
Let k = -36 - -38. Suppose -2*r - 16 = -d, k*d - 25 = -0*d - 3*r. Calculate the remainder when d is divided by 4.
2
Suppose a - 7 = -2*c + 5*c, 7 = 2*a + c. Suppose -7*p + a*p = -27. What is the remainder when 17 is divided by p?
8
Let i(o) = o**2 + o + 200. Calculate the remainder when i(0) is divided by 29.
26
Let w be (-2 - -1) + 4/(4/23). Let d = w + 15. Let q(x) = -21*x**3 + x. Calculate the remainder when d is divided by q(-1).
17
Suppose -846 = 26*c - 2354. What is the remainder when 3363 is divided by c?
57
Let r(z) = z + 166. What is the remainder when r(0) is divided by 56?
54
Suppose 584 = 4*w + 68. Suppose 6*m - w - 393 = 0. Calculate the remainder when m is divided by 18.
15
Suppose 15 = -5*u + 10*u. Suppose 4*l + 5*a = -21, -a + 4*a = u*l - 18. Calculate the remainder when 36 is divided by (-4)/8*(-26)/l.
10
Let b be (0/1)/((-4)/2). Suppose b = -2*r + 163 - 9. What is the remainder when r is divided by 20?
17
Let z(g) = 4 + 4*g**2 + 3*g**3 - 5*g + 12*g - 5*g - 2*g**3. What is the remainder when z(-3) is divided by 3?
1
Let j(g) = -g**2 - 17*g + 22. Let x be j(-17). Let w = x + -20. What is the remainder when w is divided by (-3 - -10)*4/14?
0
Suppose s - w - 4 = -4*w, -2*s = -w - 15. Let y = 2 - 8. What is the remainder when (-1)/(-3) - 202/y is divided by s?
6
Suppose -10*x - 1305 + 1735 = 0. Calculate the remainder when 151 is divided by x.
22
Let i(a) = -3*a**2 + 22*a + 11. Calculate the remainder when i(5) is divided by 33.
13
Let a = -2034 - -2079. Calculate the remainder when 127 is divided by a.
37
Let g = 526 + -275. Calculate the remainder when g is divided by 117.
17
What is the remainder when (166 - 3) + (-2 - (-4 - -1)) is divided by 58?
48
Suppose 13*r - 55 = 75. Calculate the remainder when 227 is divided by r.
7
Let s be (-4)/((-8)/(-4))*-1. Suppose 23 = s*l + 13. What is the remainder when (-1 - (-78)/2)/2 is divided by l?
4
Let b(m) = 4*m**2 - 2*m + 2. Let w be b(2). Let h(o) = -o**2 - o + 19. Let y be h(w). Let v = -125 - y. What is the remainder when v is divided by 23?
20
Suppose 4*l + 3*u = 42, 201*u - 203*u - 4 = 0. Let z(m) = m**2 + m + 2. Let k be z(0). Suppose -4*w = -k*w - 92. Calculate the remainder when w is divided by l.
10
Let r(y) = -y**3 + 27*y**2 + 9. Calculate the remainder when 68/(-5)*(-5)/2 is divided by r(27).
7
What is the remainder when 467 is divided by -86*12/(-72)*(4 - 1)?
37
Suppose -6*u + 3*u = 54. Calculate the remainder when 6/9 + (-6738)/u is divided by 47.
46
Calculate the remainder when 644 is divided by -6 + -6 + (5 - -7) + 34.
32
Let y = -6 + 12. Suppose 2*f + 0 = 8. Suppose 0 = -3*a + a + f. Calculate the remainder when y is divided by a.
0
Suppose -5*w + 4 = a, -5*a + 0*a + 20 = w. Suppose w = 2*m + 93 - 175. What is the remainder when m is divided by 14?
13
Suppose -12*g + 351 + 273 = 0. What is the remainder when 569 is divided by g?
49
Let q = -244 - -140. Let h = q + 118. Calculate the remainder when 37 is divided by h.
9
Calculate the remainder when (5 - 17)*11/(22/(-156)) is divided by 47.
43
Suppose 3*k = -3*f + 8*f + 207, 0 = -3*k + 3*f + 201. Let z = 479 + -446. What is the remainder when k is divided by z?
31
Let c = 181 - 107. Calculate the remainder when c is divided by 26.
22
Let b be (-261)/18 - (-2)/4. Let g(v) = -2*v + 3. Let j be g(b). Suppose m + 10 = j. Calculate the remainder when m is divided by 6.
3
Let r = -670 - -947. Calculate the remainder when r is divided by 58.
45
What is the remainder when (-10920)/100*(-10)/4 is divided by 3?
0
Calculate the remainder when (-4)/10 + ((-25208)/10)/(-2) is divided by 97.
96
Let l = 10 - 8. Suppose 2*f - l - 4 = 0. Suppose 2*v = 3*i - 6, -v - 11 + 2 = -3*i. Calculate the remainder when i is divided by f.
1
Suppose -2*o + 61 = 4*m - 5*o, -23 = -2*m - o. Let q = 83 - 45. Calculate the remainder when q is divided by m.
12
Suppose -w - 2*b + 35 = 13, -5*w = 4*b - 128. What is the remainder when w is divided by 19?
9
Suppose 6*g - 32 - 412 = 0. Calculate the remainder when g is divided by 27.
20
Let q be (-3)/7 - (-1782)/42. Calculate the remainder when 43 is divided by 8/(-14) + 654/q.
13
Calculate the remainder when (-8 - 259/(-28))/((-1)/(-340)) is divided by 6.
5
Suppose 0 = v - w - 73, 3*w - 226 = -2*v - 55. Let a = -55 - -100. Suppose 3*p = 36 + a. Calculate the remainder when v is divided by p.
24
Let x(r) = r**2 - 17*r + 31. Calculate the remainder when 25 is divided by x(16).
10
Let f(z) be the third derivative of z**5/60 - 7*z**4/12 + 35*z**3/6 + 25*z**2. Calculate the remainder when f(17) is divided by 44.
42
Let j be (10 - 30) + (1 - 0). Let l = 51 + j. Calculate the remainder when l is divided by 7.
4
Let u = -51 - -60. Suppose 0*h = u*h - 72. What is the remainder when 23 is divided by h?
7
Let f(z) = -2*z**3 - 5*z**2 - 2*z - 1. Let o(v) = -12*v - 2. Calculate the remainder when f(-5) is divided by o(-3).
32
Let b = -15 + 323. Suppose 4*u = -0*u + 28. Suppose 3*k - u*k = -b. Calculate the remainder when k is divided by 26.
25
Suppose -5*o = -72 - 33. Suppose -4*c = 3*q - o, c - 3*q - 18 = 6. What is the remainder when (26/(-65))/((-2)/170) is divided by c?
7
Let m = 56 - 51. Suppose 0 = 2*w - m - 5. What is the remainder when 9 is divided by w?
4
Suppose w - 29 = 5*m + 22, -m = 5. What is the remainder when w is divided by -1 - -30*(35/10 + -3)?
12
Suppose 0 = -5*c - 2*b + 38 - 1, 2*c - 18 = -4*b. Let h = -316 + 318. Calculate the remainder when c is divided by h.
1
Let q(i) = 3*i**2 - 12 + 7*i - 6*i**2 + 4 + 3*i**3. Calculate the remainder when 50 is divided by q(2).
14
Suppose q + 4*q = 5*j - 125, -q + 19 = j. Let u(i) = 2*i**3 - 4*i**2 + 4*i - 2. Calculate the remainder when j is divided by u(2).
4
Let n = -435 + 549. What is the remainder when n is divided by 13?
10
Let u = 3 - 0. Let m = 91 + -39. Suppose u*k - 122 = -4*h, 5*k - 3*h - 236 = -m. Calculate the remainder when k is divided by 10.
8
Suppose 4*t = t - 3. Let n be -2 - t - (6 + -3). Calculate the remainder when 74 is divided by (16/(-4))/n - -18.
17
Calculate the remainder when 73 is divided by (18/(-4))/(273/(-2548)).
31
Suppose -w + 63 = 6*w. Suppose -5*j + w = -11. What is the remainder when 12 is divided by j?
0
Let v(d) = -2*d**3 + 31*d**2 + 54*d - 42. Suppose -27 = -2*z + 5. What is the remainder when z is divided by v(17)?
7
Calculate the remainder when (-3 - 2)/(-5)*58 is divided by 20.
18
Let j(n) = -3*n + 39. Calculate the remainder when 36 is divided by j(10).
0
Let c(x) = 8*x - 38. Let t be c(5). Calculate the remainder when 237/t - (-54)/(-36) is divided by 30.
27
Suppose 2*d - 5*b = -17, -4*d - 3*b + 19 = -3*d. Let a be d/16 + 10/(-8). Calculate the remainder when 23 is divided by ((-8)/(-12))/(a/(-18)).
11
Suppose 19*b - 826 - 86 = 0. What is the remainder when 52 is divided by b?
4
Suppose 20 = 4*p - j, 3*j = 4*p - 5*p + 5. Suppose 4*q - 10 = 14. What is the remainder